05 a multiple of 45?
True
Is 14 a factor of 2486?
False
Is 7 a factor of 3164?
True
Is 18750 a multiple of 125?
True
Is 847 a multiple of 47?
False
Does 14 divide 11186?
True
Is 21 a factor of 3633?
True
Is 103 a factor of 5885?
False
Is 37809 a multiple of 21?
False
Is 4719 a multiple of 34?
False
Is 1230 a multiple of 30?
True
Is 53822 a multiple of 207?
False
Is 868 even?
True
Is 207 a factor of 2052?
False
Does 3 divide 296?
False
Is 70 a factor of 18317?
False
Is 624 a multiple of 24?
True
Does 67 divide 896?
False
Is 22 a factor of 814?
True
Does 98 divide 4952?
False
Does 47 divide 1211?
False
Is 13980 a multiple of 4?
True
Is 18 a factor of 9887?
False
Is 3 a factor of 906?
True
Does 27 divide 621?
True
Does 63 divide 1354?
False
Is 60 a factor of 66779?
False
Is 680 a multiple of 37?
False
Is 6 a factor of 947?
False
Is 722 a multiple of 11?
False
Does 13 divide 16952?
True
Is 105 a factor of 46095?
True
Does 46 divide 782?
True
Is 115 a factor of 5405?
True
Does 129 divide 21082?
False
Is 285 a factor of 11626?
False
Is 144 a factor of 6912?
True
Is 48216 a multiple of 21?
True
Is 704 a multiple of 64?
True
Does 114 divide 8094?
True
Is 8085 a multiple of 55?
True
Is 27 a factor of 359?
False
Is 54120 a multiple of 88?
True
Is 106 a factor of 5194?
True
Is 150 a multiple of 74?
False
Is 32 a factor of 10560?
True
Is 5504 a multiple of 16?
True
Is 22 a factor of 151?
False
Does 4 divide 92?
True
Does 13 divide 74?
False
Does 14 divide 33124?
True
Does 14 divide 490?
True
Is 12 a factor of 1476?
True
Is 13 a factor of 74512?
False
Is 18270 a multiple of 12?
False
Is 20 a factor of 600?
True
Is 16 a factor of 29680?
True
Is 443 a multiple of 3?
False
Is 404 a multiple of 2?
True
Is 15 a factor of 14085?
True
Is 8861 a multiple of 70?
False
Does 27 divide 10935?
True
Does 73 divide 7592?
True
Is 29 a factor of 481?
False
Is 43164 a multiple of 99?
True
Is 348 a multiple of 29?
True
Does 2 divide 8544?
True
Is 11 a factor of 2500?
False
Is 32 a factor of 34976?
True
Is 627 a multiple of 13?
False
Is 10012 a multiple of 129?
False
Does 16 divide 694?
False
Is 10 a factor of 4460?
True
Is 7 a factor of 2359?
True
Is 94 a factor of 2444?
True
Is 2783 a multiple of 13?
False
Does 9 divide 24211?
False
Is 80 a factor of 399?
False
Does 15 divide 43101?
False
Is 140 a multiple of 10?
True
Does 43 divide 5361?
False
Is 740 a multiple of 74?
True
Is 135 a multiple of 4?
False
Does 52 divide 936?
True
Does 119 divide 2261?
True
Is 795 a multiple of 51?
False
Is 191 even?
False
Is 4927 a multiple of 13?
True
Is 388 a multiple of 6?
False
Does 9 divide 3042?
True
Is 187 a factor of 7480?
True
Is 7 a factor of 3755?
False
Is 7 a factor of 3644?
False
Is 20 a factor of 4599?
False
Is 60 a factor of 6360?
True
Does 44 divide 1364?
True
Does 18 divide 2683?
False
Is 1717 a multiple of 15?
False
Is 27 a factor of 2943?
True
Is 19 a factor of 15048?
True
Does 79 divide 20564?
False
Is 16 a factor of 3280?
True
Is 2611 a multiple of 7?
True
Is 25 a factor of 875?
True
Is 28 a factor of 523?
False
Does 31 divide 32178?
True
Is 31 a factor of 2026?
False
Is 6222 a multiple of 90?
False
Is 455 a multiple of 50?
False
Is 4543 a multiple of 11?
True
Does 47 divide 495?
False
Does 12 divide 29808?
True
Is 7 a factor of 6475?
True
Is 54 a factor of 5787?
False
Is 25 a factor of 1459?
False
Is 1147 a multiple of 35?
False
Is 1173 a multiple of 20?
False
Is 4 a factor of 308?
True
Does 10 divide 75582?
False
Is 73 a factor of 2374?
False
Does 20 divide 4400?
True
Is 654 a multiple of 6?
True
Is 46 a factor of 36907?
False
Is 7 a factor of 413?
True
Is 188809 a multiple of 541?
True
Does 5 divide 219?
False
Is 156 a factor of 780?
True
Does 21 divide 1428?
True
Is 1612 a multiple of 4?
True
Is 465 a multiple of 56?
False
Is 12 a factor of 11346?
False
Is 76 a factor of 10224?
False
Does 21 divide 12836?
False
Is 20 a factor of 2540?
True
Is 6 a factor of 13074?
True
Does 9 divide 217?
False
Is 5 a factor of 769?
False
Is 438 a multiple of 24?
False
Is 99 a factor of 24880?
False
Does 163 divide 6520?
True
Does 15 divide 210?
True
Is 14 a factor of 658?
True
Is 187 a factor of 61012?
False
Is 28 a factor of 2874?
False
Is 17338 a multiple of 20?
False
Does 16 divide 27771?
False
Is 20 a factor of 3496?
False
Does 37 divide 1039?
False
Does 76 divide 553?
False
Is 576 a multiple of 24?
True
Is 446 a multiple of 61?
False
Does 115 divide 14260?
True
Is 6177 a multiple of 29?
True
Is 1020 a multiple of 102?
True
Does 12 divide 6780?
True
Is 10 a factor of 317?
False
Does 57 divide 21033?
True
Is 664 a multiple of 8?
True
Is 1228 a multiple of 56?
False
Does 37 divide 1123?
False
Does 36 divide 15696?
True
Is 6077 a multiple of 59?
True
Does 10 divide 3285?
False
Does 31 divide 7688?
True
Does 18 divide 353?
False
Is 10266 a multiple of 59?
True
Does 35 divide 9898?
False
Is 10 a factor of 1570?
True
Is 19 a factor of 7995?
False
Is 21954 a multiple of 35?
False
Is 415 a factor of 134671?
False
Is 7039 a multiple of 47?
False
Is 21 a factor of 76?
False
Is 10997 a multiple of 29?
False
Is 2517 a multiple of 12?
False
Is 27 a multiple of 3?
True
Is 17 a factor of 1683?
True
Is 109 a multiple of 16?
False
Is 29 a factor of 812?
True
Is 41 a factor of 1476?
True
Is 5494 a multiple of 82?
True
Is 27976 a multiple of 13?
True
Is 12 a factor of 1812?
True
Is 21 a factor of 5838?
True
Is 55 a factor of 299?
False
Is 174 a multiple of 6?
True
Does 22 divide 208?
False
Is 1310 a multiple of 10?
True
Is 1804 even?
True
Does 58 divide 18804?
False
Is 36 a factor of 936?
True
Does 37 divide 1998?
True
Does 3 divide 12?
True
Is 1297 a multiple of 3?
False
Does 15 divide 26415?
True
Is 2151 a multiple of 4?
False
Is 757 a multiple of 4?
False
Does 18 divide 720?
True
Does 69 divide 9384?
True
Does 5 divide 526?
False
Is 45 a factor of 1440?
True
Is 21 a factor of 15374?
False
Is 276 a factor of 22080?
True
Is 229 a factor of 13282?
True
Is 478 a multiple of 9?
False
Is 545 a multiple of 19?
False
Is 8924 a multiple of 92?
True
Is 315 a multiple of 45?
True
Is 1265 a multiple of 75?
False
Does 3 divide 780?
True
Is 24 a factor of 799?
False
Is 858 a multiple of 12?
False
Is 5 a factor of 10687?
False
Is 742 a multiple of 14?
True
Is 61 a factor of 48032?
False
Is 73 a factor of 949?
True
Is 12130 a multiple of 43?
False
Is 44 a factor of 7524?
True
Is 14 a factor of 407?
False
Does 128 divide 6573?
False
Is 1584 a multiple of 16?
True
Is 6188 a multiple of 52?
True
Is 33 a factor of 20143?
False
Is 8400 a multiple of 112?
True
Is 3780 a multiple of 12?
True
Does 68 divide 11220?
True
Is 16 a factor of 732?
False
Is 7746 a multiple of 109?
False
Does 13 divide 10436?
False
Does 19 divide 304?
True
Is 762 a multiple of 12?
False
Does 11 divide 1322?
False
Is 512 a multiple of 8?
True
Does 168 divide 41496?
True
Does 9 divide 585?
True
Is 12 a factor of 616?
False
Is 942 a multiple of 9?
False
Is 8 a multiple of 6?
False
Is 1970 a multiple of 80?
False
Does 39 divide 1949?
False
Is 34 a factor of 9840?
False
Is 25 a factor of 5675?
True
Does 10 divide 571?
False
Does 26 divide 35395?
False
Is 218 a factor of 24782?
False
Does 35 divide 4496?
False
Does 17 divide 31560?
False
Does 22 divide 308?
True
Is 26772 a multiple of 97?
True
Does 2 divide 1615?
False
Is 7 a factor of 2506?
True
Is 2541 a multiple of 48?
False
Is 57046 a multiple of 226?
False
Does 42 divide 2455?
False
Is 15308 a multiple of 14?
False
Does 12 divide 5220?
True
Does 5 divide 90?
True
Is 1540 a multiple of 22?
True
Is 46 a factor of 13118?
False
Does 70 divide 1400?
True
Does 60 divide 3290?
False
Does 13 divide 9776?
True
Does 34 divide 19389?
False
Is 1074 a multiple of 20?
False
Does 20 divide 1435?
False
Is 88689 a multiple of 9?
False
Is 8 a factor of 408?
True
Is 9 a factor of 954?
True
Does 109 divide 18975?
False
Is 70 a factor of 1050?
True
Does 5 divide 3155?
True
Does 151 divide 11773?
False
Does 83 divide 168?
False
Is 63 a factor of 60351?
False
Does 32 divide 1138?
False
Is 3942 a multiple of 27?
True
Is 41 a factor of 1107?
True
Is 24 a multiple of 6?
True
Does 46 divide 1307?
False
Is 13 a factor of 204?
False
Is 29 a factor of 714?
False
Is 6219 a multiple of 104?
False
Is 39 a multiple of 9?
Fal